s.
2, 47
Let p = 1259 - 865. List the prime factors of p.
2, 197
Let m = -428 - -763. Suppose 8*w = 3*w + m. What are the prime factors of w?
67
Suppose -3*l + 17 = -2*j, 0 = 5*l - 5*j - 45 + 15. Let k be ((-108)/(-21))/((-2)/(-28)). Suppose b + k = l*b. What are the prime factors of b?
2, 3
Let p(z) = 23*z + 1192. List the prime factors of p(29).
11, 13
Suppose -14*c - 64 = -18*c. Suppose 3*o = -3*k + 15, -2*k + c = 5*o + 3. Suppose k*h - 4*x - 264 = 0, 0*x = 3*h - x - 202. List the prime factors of h.
2, 17
Let n(j) = j**3 + 18*j**2 - 18*j + 29. Let t(s) = -s**3 - 17*s**2 + 18*s - 29. Let h(x) = -2*n(x) - 3*t(x). What are the prime factors of h(-16)?
61
Let i be (-8)/72 + (-6531)/27. Let w = i + 447. What are the prime factors of w?
5, 41
Suppose -z + 21 = 61. Let c = 30 - 31. What are the prime factors of (15/30)/(c/z)?
2, 5
Let s(i) = 6*i - 3. Let w be s(2). Suppose 2*p - w = -1. Suppose -y = 3*y + p*u - 108, 0 = -y + 5*u + 27. What are the prime factors of y?
3
Suppose 0 = 15*n - 5275 + 340. What are the prime factors of n?
7, 47
Suppose 5*k - 7 = -22. Let a be 23/(-2) - k/2. Let h(o) = o**2 + 8*o - 13. List the prime factors of h(a).
7
Let a(x) = x**3 - 14*x**2 - 29*x + 79. What are the prime factors of a(17)?
3, 151
What are the prime factors of (43/(-2))/((-60)/480)?
2, 43
Suppose 0 = 8*j - 1827 - 16981. List the prime factors of j.
2351
Let w(o) be the first derivative of 7/2*o**2 - 6 + 8*o - 1/3*o**3. What are the prime factors of w(6)?
2, 7
Let w(o) = 2*o - 17. Let t be w(13). Suppose -3*i - t = 6. Let x(d) = d + 9. List the prime factors of x(i).
2
Let u = 39 - 37. Suppose u*v - 4*g - 104 = -v, -g = 5. List the prime factors of v.
2, 7
Let y(x) = -3*x**3 - 16*x**2 - 5*x + 13. List the prime factors of y(-8).
5, 113
Let t be (-11)/(88/928) + (-3)/1. List the prime factors of ((-29)/(-1))/((-17)/t).
7, 29
Suppose -1776 = 13*x - 19*x. List the prime factors of x.
2, 37
Suppose 2*z - 5*c = 630, 4*c - c = -4*z + 1234. Let p be ((-2)/4)/(5/z). Let w = -12 - p. List the prime factors of w.
19
Let k(y) = y + 6. Let z be 77/(-14) - (-2)/4. Let w be k(z). What are the prime factors of (-46)/(-1 + -1)*w?
23
Let t = -925 - -1683. What are the prime factors of t?
2, 379
Let g(p) = -3*p + 3. Let v be g(3). Let q(h) = -h**2 + h + 3. Let j(z) = -3*z**2 + 2*z + 7. Let n(d) = -4*j(d) + 11*q(d). What are the prime factors of n(v)?
23
Suppose -7*v - 2 = 5. Let n(f) = -55*f**3 - f - 1. What are the prime factors of n(v)?
5, 11
Suppose 0 = n - 5*n - 5*i - 8, 0 = -2*n - 2*i - 4. Let v be n/(-1*4/264). Suppose 5*m + 3*g = m + v, 2*g + 142 = 5*m. What are the prime factors of m?
2, 3, 5
Let s be 0/1*(-2)/(-4). Suppose -3*x + 3*q + 105 = s, -4*x - 5*q + 107 = -33. What are the prime factors of x?
5, 7
Let j(d) = d + 5. Let c be j(-3). Let m(s) = 4*s**2 - 4*s + 2. Let o be m(c). Suppose -4*w + 130 = 4*f - o, -3*f + 105 = -2*w. List the prime factors of f.
5, 7
Let i = -35 + -41. Let r = -16 + 4. What are the prime factors of i*-2*(-3)/r?
2, 19
Let t = -5281 - -11472. List the prime factors of t.
41, 151
Let i = -759 - -1372. List the prime factors of i.
613
Let y = 2642 + -1642. What are the prime factors of y?
2, 5
Suppose f + 5*x - 36 = 0, -f + 5*x + 21 = 7*x. Let v = f + -11. Suppose 5*i - 212 - 13 = v. List the prime factors of i.
3, 5
Let s be (2*3)/((-6)/(-8)). Let d(y) = 4*y**3 + 7*y**2 + 5*y + 11. Let z(j) = -j**3 - 1. Let m(i) = -d(i) - 5*z(i). List the prime factors of m(s).
2, 3
Suppose 16 = 4*y, 3*y - 112 = 5*q - 410. Let o = -41 + q. List the prime factors of o + (1 - 2) - 2.
2, 3
Suppose 4*z = 4*h - 8, 0*z + 5*z = 3*h - 6. What are the prime factors of (-8)/(-20) - (h + 1383/(-5))?
5, 11
Let f(r) = 142*r**3 + 4*r**2 + 56*r - 179. List the prime factors of f(3).
17, 227
Suppose -2*n + 12 = 2*w, 0*n - 5*w + 20 = 3*n. Suppose -2 = 3*k - n. List the prime factors of 1/((k + -2)/(-32)).
2
Let s = 158 + -82. What are the prime factors of (363/132)/(1/s)?
11, 19
Suppose -235 = -5*r + 115. Suppose -r = -2*s + 4. List the prime factors of s.
37
Let q(v) = 49*v. Let h = 28 - 27. List the prime factors of q(h).
7
Let z(j) = -2*j**3 + 4*j**2 - 2*j - 2. Suppose 0 = 3*w + 2 - 8. Let k be z(w). What are the prime factors of -16*(k/(-4) + -3)?
2, 3
Suppose 5*t = -3*x + 2778 + 4712, -2*t + 4*x + 2996 = 0. List the prime factors of t.
2, 7, 107
Let r(c) = c**3 - 60*c**2 + 138*c + 43. List the prime factors of r(58).
1319
Suppose -2*j = j - 15, -4*j = -2*x + 172. Let h be (x/(-40))/(2/(-5)). Suppose 0 = h*p - 11 - 91. What are the prime factors of p?
17
Suppose 3*d + 150 = 8*d. Suppose 2*b - a = 13, 2*a = 2*b - 6*b + d. Let h = b + 8. List the prime factors of h.
3, 5
Suppose -3*j + 1416 + 221 = 2*z, -2*j - z = -1091. What are the prime factors of j?
5, 109
Let i(z) = 51*z**2 + 1. Let f be ((-4)/14)/(4/28) - 0. List the prime factors of i(f).
5, 41
Let k(h) = -4*h**3 + 5*h**2 - h - 2. Let j be k(3). Suppose 3*c = 4*d - 90, 4*c = -2*d - 2*d - 148. Let b = c - j. List the prime factors of b.
2, 17
Let n(c) = c**3 - 8*c**2 - 9*c - 2. Let v be n(9). Let z be v/6*105/7. What are the prime factors of 55*1 + (z - -4)?
2, 3
Suppose -3*m + 9 - 3 = 0. Suppose x - 15 - 84 = -z, x - m*z = 105. List the prime factors of x.
101
Let b(c) = 4*c + 13. Let k be b(10). Suppose 48*o = k*o - 800. What are the prime factors of o?
2, 5
List the prime factors of 58948/10 + 0 + (-5)/(-25).
3, 5, 131
Suppose -3*y - 9 = 4*r, r - 2*y - 15 = 3*y. Suppose r = n + 2*n - 366. What are the prime factors of n?
2, 61
Let w = 7184 + -4977. List the prime factors of w.
2207
Let y(d) = -d**2 - 12*d + 3. Suppose 0 = -3*r - 16 - 20. What are the prime factors of y(r)?
3
Let a be ((-4)/(24/(-741)))/((-2)/(-4)). Let t = a - 118. List the prime factors of t.
3, 43
Let f be 211 - 0*(-3)/9. Suppose f = 3*x - 341. What are the prime factors of x?
2, 23
Let c(b) be the first derivative of -b**3/3 + 13*b**2/2 - 9*b + 5. Let s be c(8). Suppose 5*f + 6 = s. List the prime factors of f.
5
Suppose -3*p + 5*o = 2*p - 45, -2*p + 33 = -5*o. What are the prime factors of 4/1*1*(-3 + p)?
2
Let r(j) = j**2 + 5*j - 1. Let g = 10 + -16. Let o be r(g). Suppose -o*q = -52 - 43. What are the prime factors of q?
19
Let j be (-6)/14 - (-1539)/63. Let l be 1/2 + (-36)/(-8). Suppose -3*p + j = 4*a - l*p, -p + 24 = 4*a. List the prime factors of a.
2, 3
Let s = 92 + -55. Let b = s - -11. What are the prime factors of b?
2, 3
Let r = -14 - -27. Let b(y) = 6*y - 139. Let u be b(28). Suppose -i = 5*t - u, -t = -2*i + 4*t + r. List the prime factors of i.
2, 7
List the prime factors of (4086/8)/(221/52 - 4).
3, 227
Suppose -5 = 5*u, 2*x + u = -x + 1823. What are the prime factors of x?
2, 19
Let p be 9*(-1)/6*-2 + 106. Suppose y - d - p = 3*d, -3*y - d = -353. List the prime factors of y.
3, 13
What are the prime factors of (0/(-1) - (11 - 3311)) + 2?
2, 13, 127
Let u(n) = -14*n. Let p be u(-1). Suppose 18*o = p*o + 284. What are the prime factors of o?
71
Let w = -459 + 2129. List the prime factors of w.
2, 5, 167
What are the prime factors of ((-2)/3)/((-15)/(5085/2))?
113
Suppose w = -p + 3*p + 433, 0 = -w - 5*p + 440. What are the prime factors of w?
3, 5, 29
Suppose -3*f = -24 - 762. What are the prime factors of f?
2, 131
Suppose 0 = o - 37 + 36, -5*r + 5*o = -570. List the prime factors of r.
5, 23
Let u(t) = -7*t**3 - 8*t**2 + 20*t - 4. List the prime factors of u(-6).
2, 5, 11
Suppose 0*x - 10*x + 45220 = 0. List the prime factors of x.
2, 7, 17, 19
Suppose -c = -3*q + 1026, 3*q - 440 = 5*c + 598. List the prime factors of q.
11, 31
Let q(s) = -2*s**3 - s**2 - s + 1. Let a be q(-4). Let k = a - 78. What are the prime factors of k?
3, 13
Suppose -5*b - 83 = -4*u, 2*u + 4*b = 13 + 61. Suppose -4*n + u = -25. What are the prime factors of n?
13
Suppose 5*t - g + 2*g - 5438 = 0, 1084 = t + 2*g. What are the prime factors of t?
2, 17
Let h = -4 - -9. Suppose 5*i + 29 = 3*k, h*k - 2*i = i + 43. Suppose k*y - 3*y + w - 74 = 0, -4*w - 19 = -y. What are the prime factors of y?
3, 5
Let t be (5/((-20)/72))/(-2). Let c(u) = -3*u + 4*u - 1 + t*u**2 + 3*u**2 - 3*u. What are the prime factors of c(-1)?
13
Suppose 3*r = 5*m - 26, 2*r - 1 + 10 = -5*m. Let v be (-25 + 2)*(-14)/r. Let a = v + 69. What are the prime factors of a?
23
Let q